 12*q**2 + 49*q - 827. Determine g(13).
-21
Let c(w) = 3*w**3 + 29*w**2 + 48*w - 100. What is c(-6)?
8
Let g(z) = -166*z**2 - 50*z - 109. What is g(-2)?
-673
Let r(u) = 2*u**2 - 155*u + 2823. What is r(26)?
145
Let s(f) = -21*f**2 - 982*f + 237. What is s(-47)?
2
Let q(i) = i**3 + 27*i**2 - 24*i + 155. What is q(-28)?
43
Let j(a) = -1021*a**2 - 2034*a + 3. Calculate j(-2).
-13
Let c(y) = y**3 - 26*y**2 + 32*y - 162. Give c(25).
13
Let p(t) = -560*t + 17367. Determine p(31).
7
Let w(n) = 33*n**2 - 252*n - 59. What is w(8)?
37
Let i(x) = -x**2 - 9*x - 59. Determine i(-13).
-111
Let b(a) = -a**2 + 33*a - 192. Determine b(6).
-30
Let a(z) = 101*z - 507. What is a(5)?
-2
Let r(k) = -6*k**2 + 606*k - 1185. Calculate r(99).
3
Let p(q) = 38*q**3 + 3*q**2 - 12*q + 5. What is p(1)?
34
Let a(c) = 3*c**3 - 29*c**2 - 9*c - 12. Calculate a(10).
-2
Let c(x) = x**2 + 434*x + 23368. Give c(-371).
-5
Let c(a) = a**3 + 91*a**2 + 242*a + 13691. Calculate c(-90).
11
Let k(y) = -182*y + 8363. Determine k(46).
-9
Let l(j) = j**3 + 128*j**2 + 1166*j - 1645. Calculate l(-118).
7
Let d(g) = -290*g + 7258. Calculate d(25).
8
Let w(n) = -n**3 + 72*n**2 + 1405*n + 264. Calculate w(88).
0
Let o(w) = -2*w**2 + 48*w - 48. What is o(1)?
-2
Let v(q) = 905*q - 62454. Determine v(69).
-9
Let u(v) = 3540*v - 14161. What is u(4)?
-1
Let v(u) = 39*u + 181. Determine v(-5).
-14
Let v(r) = -5*r**2 + 719*r - 2672. What is v(140)?
-12
Let b(h) = -284*h - 1730. What is b(-6)?
-26
Let d(o) = o**2 - 62*o + 229. Determine d(4).
-3
Let n(s) = s**2 + 238*s - 25461. Determine n(80).
-21
Let z(u) = u**2 + 26*u + 248. Determine z(-12).
80
Let b(f) = -f**2 - 41*f + 68. Calculate b(-41).
68
Let b(x) = 1597*x - 3208. What is b(2)?
-14
Let d(s) = -s**3 - 101*s**2 + 1109*s + 22. What is d(10)?
12
Let h(m) = m**3 - 4*m**2 + 5*m - 21. Determine h(5).
29
Let k(z) = 10471*z + 460729. Calculate k(-44).
5
Let c(g) = g**3 + 20*g**2 - 8*g - 176. What is c(-20)?
-16
Let a(p) = p**2 - 894*p + 9688. Determine a(11).
-25
Let l(x) = x**2 - 212*x + 1227. Determine l(6).
-9
Let m(y) = y**2 + 508*y - 11116. Give m(21).
-7
Let f(d) = 101*d - 2407. Determine f(20).
-387
Let z(o) = 4592*o - 13814. Give z(3).
-38
Let t(f) = 3*f**2 + 45*f - 4515. Determine t(32).
-3
Let h(b) = -258*b - 4948. Calculate h(-20).
212
Let b(a) = -3526*a + 21210. Determine b(6).
54
Let w(p) = -13*p**2 + 5*p - 45. What is w(0)?
-45
Let m(a) = 286*a + 1416. Calculate m(-5).
-14
Let l(s) = -33*s**3 + 8*s**2 - 7*s - 19. What is l(3)?
-859
Let z(p) = -13*p**3 - 596*p**2 + 88*p - 132. Give z(-46).
52
Let u(b) = 1810*b - 18106. Determine u(10).
-6
Let s(v) = -v**3 + 5*v**2 - 242*v + 1201. What is s(5)?
-9
Let c(a) = -1463*a + 8791. What is c(6)?
13
Let z(o) = 6*o + 90. Determine z(4).
114
Let p(m) = 166*m + 1530. Calculate p(-9).
36
Let q(c) = 128*c - 783. What is q(6)?
-15
Let y(f) = -3*f**3 - 62*f**2 + 514*f + 66. Calculate y(-27).
39
Let d(a) = 4*a**3 - 47*a**2 - 140*a + 11. Determine d(-3).
-100
Let k(n) = 3997*n + 8006. What is k(-2)?
12
Let y(t) = -19*t**2 + 38*t - 149. Calculate y(7).
-814
Let d(c) = -c**3 - 15*c**2 - 20*c - 49. Calculate d(-14).
35
Let t(s) = -23*s**3 - 2*s**2 - 7*s + 8. What is t(1)?
-24
Let r(c) = 747*c - 13442. Calculate r(18).
4
Let m(p) = p**2 - 751*p + 7424. Calculate m(10).
14
Let t(b) = 567*b - 4535. Give t(8).
1
Let l(n) = 2*n**3 + 8*n**2 + 108*n + 583. What is l(-5)?
-7
Let v(u) = u**2 - 127*u + 3581. Give v(70).
-409
Let d(x) = 23*x + 11. What is d(-2)?
-35
Let g(k) = -30*k**2 + 164*k - 91. Determine g(5).
-21
Let h(f) = -852*f - 72418. Determine h(-85).
2
Let o(j) = -24*j**2 + 4*j + 42. What is o(6)?
-798
Let s(d) = d**2 - 2442*d - 7333. Calculate s(-3).
2
Let r(m) = -m**2 + 11*m - 27. What is r(-5)?
-107
Let q(y) = -1154*y + 4625. Determine q(4).
9
Let c(w) = 386*w - 3079. Give c(8).
9
Let v(c) = -5131*c - 35915. What is v(-7)?
2
Let p(f) = -15*f - 2. What is p(9)?
-137
Let b(g) = 113*g - 10965. Calculate b(97).
-4
Let h(g) = -g**3 - 12*g**2 + 9*g - 54. What is h(-13)?
-2
Let b(j) = 255*j - 9953. Determine b(39).
-8
Let w(m) = 3*m**3 + 13*m**2 - 5*m + 34. What is w(-6)?
-116
Let i(p) = p**3 + p**2 + 10*p - 30. What is i(2)?
2
Let w(d) = -d**2 - 22*d + 5. Calculate w(2).
-43
Let l(a) = 197*a - 5510. Determine l(28).
6
Let c(g) = 12*g**2 + 79*g + 57. Calculate c(-5).
-38
Let d(u) = u**3 - 17*u**2 + 73*u - 34. Give d(9).
-25
Let j(c) = -c**3 - 69*c**2 - 207*c - 582. What is j(-66)?
12
Let z(d) = 270*d + 2263. What is z(-10)?
-437
Let k(d) = -30*d + 446. Give k(19).
-124
Let o(l) = -54*l + 324. Calculate o(5).
54
Let w(v) = 20*v**3 + 3*v**2 - 9*v + 5. What is w(1)?
19
Let o(m) = -4*m**2 + 35*m - 85. Calculate o(6).
-19
Let u(j) = -j**2 - 47*j - 518. Give u(-15).
-38
Let s(o) = 71*o + 3207. What is s(-45)?
12
Let g(s) = -2*s**2 - 56*s - 154. Give g(-3).
-4
Let j(m) = 3*m**2 - 67*m + 234. Give j(19).
44
Let z(g) = -77*g + 4100. Determine z(53).
19
Let g(w) = 2*w**2 + 259*w + 5386. Give g(-26).
4
Let g(n) = -2*n**3 + 255*n**2 + 129*n - 180. Give g(128).
-52
Let w(r) = -r**3 - 30*r**2 - 184*r - 137. Determine w(-22).
39
Let v(r) = 13*r - 403. Give v(33).
26
Let i(y) = -3*y**2 + 60*y - 46. Determine i(19).
11
Let a(n) = 47*n**2 + 80*n - 27. Give a(-2).
1
Let i(d) = 2*d**2 - 15*d + 54. Calculate i(7).
47
Let h(w) = 2*w**2 - 55*w - 156. What is h(35)?
369
Let g(l) = -l**2 + 219*l + 15068. Calculate g(-55).
-2
Let v(k) = -k**3 - 5*k**2 + 36*k + 91. Calculate v(-5).
-89
Let q(p) = 719*p + 1432. What is q(-2)?
-6
Let s(j) = -120*j + 663. Calculate s(9).
-417
Let g(r) = 4*r**2 - 15*r - 417. Determine g(11).
-98
Let g(k) = 68*k**2 + 874*k - 144. What is g(-13)?
-14
Let r(h) = -74*h**2 - 2810*h + 90. Determine r(-38).
14
Let t(d) = 3*d**3 + 145*d**2 + 107*d + 2809. What is t(-48)?
-23
Let v(s) = 15*s + 676. Calculate v(-47).
-29
Let n(v) = -7*v**3 - 167*v**2 + 27*v + 96. Determine n(-24).
24
Let j(x) = 40*x**2 + 2041*x + 66. What is j(-51)?
15
Let f(b) = -21*b + 651. What is f(33)?
-42
Let g(a) = a**2 + 30*a - 5. Determine g(-4).
-109
Let l(j) = -2*j**3 + 8*j**2 + 3*j - 15. Calculate l(4).
-3
Let q(z) = 11*z + 458. What is q(-41)?
7
Let k(b) = 24*b - 159. Calculate k(8).
33
Let x(u) = -68*u - 1656. Give x(-24).
-24
Let y(a) = a**2 - 47*a - 2314. Give y(-30).
-4
Let d(a) = -251*a + 32891. Determine d(131).
10
Let o(f) = -f**3 + 29*f - 25. What is o(-7)?
115
Let h(o) = -1730*o - 1532. Calculate h(-1).
198
Let i(u) = -u**3 - 25*u**2 - 36*u + 23. Calculate i(-23).
-207
Let j(g) = -263*g - 2104. Determine j(-8).
0
Let x(l) = -14*l + 43. What is x(16)?
-181
Let z(q) = q**3 + 26*q**2 - 2*q - 30. Determine z(-26).
22
Let f(y) = y**3 - 42*y**2 - 46*y + 2. Calculate f(43).
-127
Let o(r) = 226*r - 1303. Give o(6).
53
Let p(i) = 3*i**2 + 75*i + 60. Calculate p(-23).
-78
Let d(r) = -r**3 - r**2 - 53*r - 371. Determine d(-5).
-6
Let c(d) = 2*d**2 + 429*d - 6613. Determine c(-229).
28
Let f(j) = j**3 - 19*j**2 + 49*j - 9. Calculate f(16).
7
Let z(l) = l**2 - 98*l + 2064. Calculate z(30).
24
Let t(x) = -10*x + 80. Determine t(37).
-290
Let p(l) = l**2 + 82*l + 1221. What is p(-62)?
-19
Let q(x) = 4*x - 4. Determine q(0).
-4
Let n(o) = -o**3 + 90*o**2 + 2*o - 173. What is n(90)?
7
Let k(q) = -13*q + 61. What is k(-4)?
113
Let h(c) = -29*c + 480. What is h(17)?
-13
Let x(g) = 15*g**2 - 1665*g - 9. What is x(111)?
-9
Let b(z) = z**2 + 3*z - 448. Determine b(27).
362
Let v(l) = l**3 - 13*l**2 - 64*l + 249. What is v(16)?
-7
Let u(i) = i**3 - 7*i**2 - 106*i + 42. Calculate u(12).
-510
Let r(d) = 38*d**2 - d + 17. Calculate r(-2).
171
Let g(a) = 4*a**3 - 34*a**2 + 31*a - 125. Calculate g(8).
-5
Let f(r) = -10*r**3 + 5*r**2 - 73*r + 151. Calculate f(2).
-55
Let w(s) = -609*s + 144328. Calculate w(237).
-5
Let r(k) = 30*k + 43. What is r(-6)?
-137
Let z(u) = u + 103. What is z(17)?
120
Let p(l) = -46*l**2 + 5*l - 4. Calculate p(1).
-45
Let v(g) = 2*g**2 + 68*g - 387. Determine v(-39).
3
Let b(q) = 1035*q - 32105. Determine b(31).
-20
Let k(j) = 6*j**2 + 48*j + 65. Determine k(-7).
23
Let y(a) = a**3 - 5*a**2 - 86. Give y(7).
12
Let h(a) = -7*a**2 - 37*a + 193. Calculate h(4).
-67
Let z(o) = -126*o**2 + 1005*o + 20. Give z(8).
-4
Let z(f) = 2*f**2 + 54*f + 325. Calculate z(-6).
73
Let l(o) = 173*o**3 + 1725*o**2 - 48*o + 16. Give l(-10).
-4
Let b(p